{"id":215,"date":"2022-09-17T12:46:24","date_gmt":"2022-09-17T12:46:24","guid":{"rendered":"https:\/\/www.preixy.fr\/garde\/?page_id=215"},"modified":"2025-01-25T08:43:46","modified_gmt":"2025-01-25T08:43:46","slug":"accueil","status":"publish","type":"page","link":"https:\/\/www.preixy.fr\/garde\/","title":{"rendered":"Accueil"},"content":{"rendered":"\r\n\r\n\r\n\r\n\r\n\r\n\r\n\r\n\r\n\r\n\r\n<p>Bonjour \u00e0 tous,<img loading=\"lazy\" decoding=\"async\" class=\" wp-image-173 alignleft\" src=\"http:\/\/www.preixy.fr\/garde\/wp-content\/uploads\/2022\/09\/eglise-300x168.png\" alt=\"\" width=\"404\" height=\"226\" srcset=\"https:\/\/www.preixy.fr\/garde\/wp-content\/uploads\/2022\/09\/eglise-300x168.png 300w, https:\/\/www.preixy.fr\/garde\/wp-content\/uploads\/2022\/09\/eglise-1024x574.png 1024w, https:\/\/www.preixy.fr\/garde\/wp-content\/uploads\/2022\/09\/eglise-768x431.png 768w, https:\/\/www.preixy.fr\/garde\/wp-content\/uploads\/2022\/09\/eglise-1536x862.png 1536w, https:\/\/www.preixy.fr\/garde\/wp-content\/uploads\/2022\/09\/eglise-2048x1149.png 2048w\" sizes=\"auto, (max-width: 404px) 100vw, 404px\" \/><\/p>\r\n<h2>Les activit\u00e9s de l&rsquo;Association <br \/>Sportive et Culturelle Preixanaise (A.S.C.P)<br \/>pour l&rsquo;ann\u00e9e 2024-2025<\/h2>\r\n<p>Vous \u00eates les bienvenus aux diff\u00e9rentes activit\u00e9s propos\u00e9es par l&rsquo;association.<br \/>Vous trouverez les activit\u00e9s propos\u00e9es, les lieux et horaires dans le tableau ci-dessous.<\/p>\r\n<p>Les adh\u00e9sions se r\u00e9alisent sur place aupr\u00e8s des responsables d&rsquo;ateliers,<\/p>\r\n<p>pour toute autre question vous pouvez contacter le bureau par mail \u00e0 l&rsquo;adresse :\u00a0<\/p>\r\n<p>ascp@preixy.fr<\/p>\r\n<p>&nbsp;<\/p>\r\n<p>Ci-dessous les ateliers et horaires de l&rsquo;ann\u00e9e pr\u00e9c\u00e9dente 2024\/2025.<\/p>\r\n<h2 id=\"tablepress-1-name\" class=\"tablepress-table-name tablepress-table-name-id-1\">Planning des ateliers<\/h2>\n\n<table id=\"tablepress-1\" class=\"tablepress tablepress-id-1\" aria-labelledby=\"tablepress-1-name\">\n<tbody class=\"row-striping row-hover\">\n<tr class=\"row-1\">\n\t<td class=\"column-1\"><img loading=\"lazy\" decoding=\"async\" src=\"http:\/\/www.preixy.fr\/garde\/wp-content\/uploads\/2025\/01\/Creatif.jpg\" alt=\"\" width=\"300\" height=\"187\" class=\"alignnone size-medium wp-image-231\" \/><\/td><td class=\"column-2\"><strong>Atelier Cr\u00e9atif <\/strong><\/br><strong>(Couture,tricot,peinture, collage,...)<\/strong><br \/>\nResponsable : Josette BERTRAND<\/td><td class=\"column-3\">Lundi de 14h \u00e0 17h<br \/>\nRue Baptistine, Salle du bas puis<br \/>\nSamedi de 10h \u00e0 12h<br \/>\n<\/td>\n<\/tr>\n<tr class=\"row-2\">\n\t<td class=\"column-1\"><img loading=\"lazy\" decoding=\"async\" src=\"http:\/\/www.preixy.fr\/garde\/wp-content\/uploads\/2025\/01\/LivresEchanges.jpg\" alt=\"\" width=\"300\" height=\"293\" class=\"alignnone size-medium wp-image-321\" \/><\/td><td class=\"column-2\"><strong>Livres service<\/strong><br \/>\nd\u00e9posez et\/ou prenez des livres.<\/td><td class=\"column-3\">Aux jours, salle et horaires de l\u2019atelier cr\u00e9atif<\/td>\n<\/tr>\n<tr class=\"row-3\">\n\t<td class=\"column-1\"><img loading=\"lazy\" decoding=\"async\" src=\"http:\/\/www.preixy.fr\/garde\/wp-content\/uploads\/2025\/01\/GymAssise.png\" alt=\"\" width=\"300\" height=\"297\" class=\"alignnone size-medium wp-image-220\" \/><\/td><td class=\"column-2\"><strong>Gym douce<\/strong><br \/>\nResponsable : Laetitia PIVA<\/td><td class=\"column-3\">Mercredi de 16h \u00e0 17h<br \/>\nSalle sous la mairie <br \/>\n<\/td>\n<\/tr>\n<tr class=\"row-4\">\n\t<td class=\"column-1\"><img loading=\"lazy\" decoding=\"async\" src=\"http:\/\/www.preixy.fr\/garde\/wp-content\/uploads\/2025\/01\/PingPongBillard.jpg\" alt=\"\" width=\"300\" height=\"221\" class=\"alignnone size-medium wp-image-223\" \/><\/td><td class=\"column-2\"><strong>Sports d'adresse<\/strong><br><strong> (ping-pong, billard Am\u00e9ricain, Baby-foot<\/strong><br \/>\nResponsable : Daniel BERTRAND<br \/>\n<\/td><td class=\"column-3\">Mercredi de 18h \u00e0 20h<br \/>\nFoyer, salle du haut<br \/>\nTous niveaux, Adultes et enfants \u00e0 partir de 12 ans<br \/>\n(Billard limit\u00e9 aux adultes)<\/td>\n<\/tr>\n<tr class=\"row-5\">\n\t<td class=\"column-1\"><img loading=\"lazy\" decoding=\"async\" src=\"http:\/\/www.preixy.fr\/garde\/wp-content\/uploads\/2025\/01\/NouvTech.jpg\" alt=\"\" width=\"295\" height=\"300\" class=\"alignnone size-medium wp-image-224\" \/><\/td><td class=\"column-2\"><strong>Atelier Technologie<\/strong><br \/>\nResponsable : Daniel BERTRAND<\/td><td class=\"column-3\">Vendredi de 18h \u00e0 19h<br \/>\nEn visio-conf\u00e9rence Zoom <\/td>\n<\/tr>\n<tr class=\"row-6\">\n\t<td class=\"column-1\"><img loading=\"lazy\" decoding=\"async\" src=\"http:\/\/www.preixy.fr\/garde\/wp-content\/uploads\/2025\/01\/JeuSocietes.jpg\" alt=\"\" width=\"263\" height=\"300\" class=\"alignnone size-medium wp-image-319\" \/><\/td><td class=\"column-2\"><strong>Atelier Jeux de soci\u00e9t\u00e9s<\/strong><br \/>\nResponsable : Daniel BERTRAND<\/td><td class=\"column-3\">Samedi \u00e0 partir de 20h30<br \/>\nSalle place de l'\u00e9glise.<\/td>\n<\/tr>\n<\/tbody>\n<\/table>\n<!-- #tablepress-1 from cache -->\r\n\r\n<p>&nbsp;<\/p>","protected":false},"excerpt":{"rendered":"<p>&nbsp;<\/p>\n","protected":false},"author":1,"featured_media":0,"parent":0,"menu_order":0,"comment_status":"closed","ping_status":"closed","template":"","meta":{"pagelayer_contact_templates":[],"_pagelayer_content":"","footnotes":""},"class_list":["post-215","page","type-page","status-publish","hentry"],"_links":{"self":[{"href":"https:\/\/www.preixy.fr\/garde\/wp-json\/wp\/v2\/pages\/215","targetHints":{"allow":["GET"]}}],"collection":[{"href":"https:\/\/www.preixy.fr\/garde\/wp-json\/wp\/v2\/pages"}],"about":[{"href":"https:\/\/www.preixy.fr\/garde\/wp-json\/wp\/v2\/types\/page"}],"author":[{"embeddable":true,"href":"https:\/\/www.preixy.fr\/garde\/wp-json\/wp\/v2\/users\/1"}],"replies":[{"embeddable":true,"href":"https:\/\/www.preixy.fr\/garde\/wp-json\/wp\/v2\/comments?post=215"}],"version-history":[{"count":18,"href":"https:\/\/www.preixy.fr\/garde\/wp-json\/wp\/v2\/pages\/215\/revisions"}],"predecessor-version":[{"id":349,"href":"https:\/\/www.preixy.fr\/garde\/wp-json\/wp\/v2\/pages\/215\/revisions\/349"}],"wp:attachment":[{"href":"https:\/\/www.preixy.fr\/garde\/wp-json\/wp\/v2\/media?parent=215"}],"curies":[{"name":"wp","href":"https:\/\/api.w.org\/{rel}","templated":true}]}}

<p>Bonjour à tous,<img loading="lazy" decoding="async" class=" wp-image-173 alignleft" src="http://www.preixy.fr/garde/wp-content/uploads/2022/09/eglise-300x168.png" alt="" width="404" height="226" srcset="https://www.preixy.fr/garde/wp-content/uploads/2022/09/eglise-300x168.png 300w, https://www.preixy.fr/garde/wp-content/uploads/2022/09/eglise-1024x574.png 1024w, https://www.preixy.fr/garde/wp-content/uploads/2022/09/eglise-768x431.png 768w, https://www.preixy.fr/garde/wp-content/uploads/2022/09/eglise-1536x862.png 1536w, https://www.preixy.fr/garde/wp-content/uploads/2022/09/eglise-2048x1149.png 2048w" sizes="auto, (max-width: 404px) 100vw, 404px" /></p>
<h2>Les activités de l&rsquo;Association <br />Sportive et Culturelle Preixanaise (A.S.C.P)<br />pour l&rsquo;année 2024-2025</h2>
<p>Vous êtes les bienvenus aux différentes activités proposées par l&rsquo;association.<br />Vous trouverez les activités proposées, les lieux et horaires dans le tableau ci-dessous.</p>
<p>Les adhésions se réalisent sur place auprès des responsables d&rsquo;ateliers,</p>
<p>pour toute autre question vous pouvez contacter le bureau par mail à l&rsquo;adresse : </p>
<p>ascp@preixy.fr</p>
<p>&nbsp;</p>
<p>Ci-dessous les ateliers et horaires de l&rsquo;année précédente 2024/2025.</p>
<h2 id="tablepress-1-name" class="tablepress-table-name tablepress-table-name-id-1">Planning des ateliers</h2>

<table id="tablepress-1" class="tablepress tablepress-id-1" aria-labelledby="tablepress-1-name">
<tbody class="row-striping row-hover">
<tr class="row-1">
	<td class="column-1"><img loading="lazy" decoding="async" src="http://www.preixy.fr/garde/wp-content/uploads/2025/01/Creatif.jpg" alt="" width="300" height="187" class="alignnone size-medium wp-image-231" /></td><td class="column-2"><strong>Atelier Créatif </strong></br><strong>(Couture,tricot,peinture, collage,...)</strong><br />
Responsable : Josette BERTRAND</td><td class="column-3">Lundi de 14h à 17h<br />
Rue Baptistine, Salle du bas puis<br />
Samedi de 10h à 12h<br />
</td>
</tr>
<tr class="row-2">
	<td class="column-1"><img loading="lazy" decoding="async" src="http://www.preixy.fr/garde/wp-content/uploads/2025/01/LivresEchanges.jpg" alt="" width="300" height="293" class="alignnone size-medium wp-image-321" /></td><td class="column-2"><strong>Livres service</strong><br />
déposez et/ou prenez des livres.</td><td class="column-3">Aux jours, salle et horaires de l’atelier créatif</td>
</tr>
<tr class="row-3">
	<td class="column-1"><img loading="lazy" decoding="async" src="http://www.preixy.fr/garde/wp-content/uploads/2025/01/GymAssise.png" alt="" width="300" height="297" class="alignnone size-medium wp-image-220" /></td><td class="column-2"><strong>Gym douce</strong><br />
Responsable : Laetitia PIVA</td><td class="column-3">Mercredi de 16h à 17h<br />
Salle sous la mairie <br />
</td>
</tr>
<tr class="row-4">
	<td class="column-1"><img loading="lazy" decoding="async" src="http://www.preixy.fr/garde/wp-content/uploads/2025/01/PingPongBillard.jpg" alt="" width="300" height="221" class="alignnone size-medium wp-image-223" /></td><td class="column-2"><strong>Sports d'adresse</strong><br><strong> (ping-pong, billard Américain, Baby-foot</strong><br />
Responsable : Daniel BERTRAND<br />
</td><td class="column-3">Mercredi de 18h à 20h<br />
Foyer, salle du haut<br />
Tous niveaux, Adultes et enfants à partir de 12 ans<br />
(Billard limité aux adultes)</td>
</tr>
<tr class="row-5">
	<td class="column-1"><img loading="lazy" decoding="async" src="http://www.preixy.fr/garde/wp-content/uploads/2025/01/NouvTech.jpg" alt="" width="295" height="300" class="alignnone size-medium wp-image-224" /></td><td class="column-2"><strong>Atelier Technologie</strong><br />
Responsable : Daniel BERTRAND</td><td class="column-3">Vendredi de 18h à 19h<br />
En visio-conférence Zoom </td>
</tr>
<tr class="row-6">
	<td class="column-1"><img loading="lazy" decoding="async" src="http://www.preixy.fr/garde/wp-content/uploads/2025/01/JeuSocietes.jpg" alt="" width="263" height="300" class="alignnone size-medium wp-image-319" /></td><td class="column-2"><strong>Atelier Jeux de sociétés</strong><br />
Responsable : Daniel BERTRAND</td><td class="column-3">Samedi à partir de 20h30<br />
Salle place de l'église.</td>
</tr>
</tbody>
</table>
<!-- #tablepress-1 from cache -->

<p>&nbsp;</p>
