{"id":21,"date":"2022-09-02T16:58:48","date_gmt":"2022-09-02T16:58:48","guid":{"rendered":"http:\/\/www.preixy.fr\/garde\/home\/"},"modified":"2022-09-10T07:06:37","modified_gmt":"2022-09-10T07:06:37","slug":"home","status":"publish","type":"page","link":"https:\/\/www.preixy.fr\/garde\/home\/","title":{"rendered":"A.S.C.P."},"content":{"rendered":"\r\n\r\n\r\n\r\n\r\n\r\n\r\n\r\n\r\n\r\n\r\n<h2>A PROPOS DE NOUS<\/h2>\r\n\r\n\r\n\r\n\r\n\r\n<p>L&rsquo;Association Sportive et Culturelle Preixanaise est une association loi 1901 dont le but est de permettre la mise en relation d&rsquo;adh\u00e9rents autour d&rsquo;ateliers sur des th\u00e9matiques culturelles ou sportives.<\/p>\r\n\r\n\r\n\r\n\r\n\r\n\r\n\r\n<p>Pour qu&rsquo;un atelier puisse voir le jour il suffit qu&rsquo;il y ait au moins deux adh\u00e9rents int\u00e9ress\u00e9s et que le bureau juge que les moyens techniques, logistiques et financiers rendent sa mise en \u0153uvre possible aux vues des moyens de l&rsquo;association.<br \/>L&rsquo;atelier doit \u00eatre ouvert aux autres adh\u00e9rents de l&rsquo;association qui souhaiteraient le rejoindre.<\/p>\r\n<p>Ces ateliers ont une dur\u00e9e de vie minimale d&rsquo;un an ( d&rsquo;octobre \u00e0 juin) et sont renouvelables autant de fois que souhait\u00e9.<\/p>\r\n<p>Ces ateliers sont bas\u00e9s sur la notion de partage de comp\u00e9tences et d&rsquo;informations entre les adh\u00e9rents et ne font donc pas l&rsquo;objet de mise en place de professeurs ou d&rsquo;acteurs externes ou internes r\u00e9mun\u00e9r\u00e9s.<\/p>\r\n<p>Dans la plupart des cas l&rsquo;association ne se positionne qu&rsquo;en facilitatrice en logistique par la mise \u00e0 disposition de locaux, de mat\u00e9riel, de planning, de moyens de contact mais ne va pas forc\u00e9ment jouer de r\u00f4les dans l&rsquo;activit\u00e9 proprement dite. Elle va rendre possible la rencontre et la planification autour d&rsquo;activit\u00e9s souhait\u00e9es par les adh\u00e9rents.<\/p>\r\n<p>Il est donc important de d\u00e9finir pour chaque activit\u00e9 \u00e0 quel moment s&rsquo;arr\u00eate le r\u00f4le et les responsabilit\u00e9s de l&rsquo;association.<\/p>\r\n<p>Ce fonctionnement permet \u00e0 des activit\u00e9s qui en temps normal n&rsquo;auraient pas suffisamment d&rsquo;adh\u00e9rents pour devenir une association \u00e0 elles seules, de voir le jour.<\/p>\r\n\r\n\r\n\r\n\r\n\r\n<p>&nbsp;<\/p>","protected":false},"excerpt":{"rendered":"<p>&nbsp;<\/p>\n","protected":false},"author":1,"featured_media":0,"parent":0,"menu_order":0,"comment_status":"closed","ping_status":"closed","template":"","meta":{"pagelayer_contact_templates":[],"_pagelayer_content":"","footnotes":""},"class_list":["post-21","page","type-page","status-publish","hentry"],"_links":{"self":[{"href":"https:\/\/www.preixy.fr\/garde\/wp-json\/wp\/v2\/pages\/21","targetHints":{"allow":["GET"]}}],"collection":[{"href":"https:\/\/www.preixy.fr\/garde\/wp-json\/wp\/v2\/pages"}],"about":[{"href":"https:\/\/www.preixy.fr\/garde\/wp-json\/wp\/v2\/types\/page"}],"author":[{"embeddable":true,"href":"https:\/\/www.preixy.fr\/garde\/wp-json\/wp\/v2\/users\/1"}],"replies":[{"embeddable":true,"href":"https:\/\/www.preixy.fr\/garde\/wp-json\/wp\/v2\/comments?post=21"}],"version-history":[{"count":12,"href":"https:\/\/www.preixy.fr\/garde\/wp-json\/wp\/v2\/pages\/21\/revisions"}],"predecessor-version":[{"id":192,"href":"https:\/\/www.preixy.fr\/garde\/wp-json\/wp\/v2\/pages\/21\/revisions\/192"}],"wp:attachment":[{"href":"https:\/\/www.preixy.fr\/garde\/wp-json\/wp\/v2\/media?parent=21"}],"curies":[{"name":"wp","href":"https:\/\/api.w.org\/{rel}","templated":true}]}}

<h2>A PROPOS DE NOUS</h2>





<p>L&rsquo;Association Sportive et Culturelle Preixanaise est une association loi 1901 dont le but est de permettre la mise en relation d&rsquo;adhérents autour d&rsquo;ateliers sur des thématiques culturelles ou sportives.</p>







<p>Pour qu&rsquo;un atelier puisse voir le jour il suffit qu&rsquo;il y ait au moins deux adhérents intéressés et que le bureau juge que les moyens techniques, logistiques et financiers rendent sa mise en œuvre possible aux vues des moyens de l&rsquo;association.<br />L&rsquo;atelier doit être ouvert aux autres adhérents de l&rsquo;association qui souhaiteraient le rejoindre.</p>
<p>Ces ateliers ont une durée de vie minimale d&rsquo;un an ( d&rsquo;octobre à juin) et sont renouvelables autant de fois que souhaité.</p>
<p>Ces ateliers sont basés sur la notion de partage de compétences et d&rsquo;informations entre les adhérents et ne font donc pas l&rsquo;objet de mise en place de professeurs ou d&rsquo;acteurs externes ou internes rémunérés.</p>
<p>Dans la plupart des cas l&rsquo;association ne se positionne qu&rsquo;en facilitatrice en logistique par la mise à disposition de locaux, de matériel, de planning, de moyens de contact mais ne va pas forcément jouer de rôles dans l&rsquo;activité proprement dite. Elle va rendre possible la rencontre et la planification autour d&rsquo;activités souhaitées par les adhérents.</p>
<p>Il est donc important de définir pour chaque activité à quel moment s&rsquo;arrête le rôle et les responsabilités de l&rsquo;association.</p>
<p>Ce fonctionnement permet à des activités qui en temps normal n&rsquo;auraient pas suffisamment d&rsquo;adhérents pour devenir une association à elles seules, de voir le jour.</p>





<p>&nbsp;</p>
